 h(y) = -y**2 + 6*y - 2. Determine h(g).
6
Let f(x) = x**3 - x**2 - 3*x. Let z(i) = -i**3 + 2*i - 1. Let v(q) = 5*f(q) + 6*z(q). Calculate v(-5).
9
Let i(n) be the third derivative of 0*n**3 + 5*n**2 + 5/24*n**4 + 0 + 0*n - 1/60*n**5. Let f(g) = -g**3 - 5*g**2 - 6*g - 4. Let l be f(-4). What is i(l)?
4
Let q be (-6)/(-4)*(-36)/(-27). Let v(o) = -o + 0 + 7*o + 4*o**2 + o**3 - 5. Let d(s) = s**3 + 3*s**2 + 7*s - 5. Let b(j) = q*d(j) - 3*v(j). Determine b(-5).
0
Let k be 60/(-18)*6/(-5). Let b(i) = 2*i**2 - 5*i - 3. Calculate b(k).
9
Let p(v) = -12*v. Suppose -2*w + 0*w = -4*d + 24, d + 3*w + 8 = 0. Let r(y) = y**3 - 4*y**2 + 1. Let g be r(d). Give p(g).
-12
Let v(m) be the first derivative of 1/6*m**4 + 3 + 0*m + 1/2*m**2 - 1/2*m**3 + 1/20*m**5 - 1/120*m**6. Let y(a) be the second derivative of v(a). Give y(4).
-3
Let a(i) = 22 - 12 - 5 + i - 2*i. Suppose 5*n - 39 = -9. Calculate a(n).
-1
Let t(b) be the second derivative of -b**7/840 + b**5/60 + b**4/24 - b**3/3 + 2*b. Let k(j) be the second derivative of t(j). What is k(-1)?
0
Let s(r) = -8*r + 1. Suppose -c - i + 3 = -0*c, 10 = 5*i. Calculate s(c).
-7
Let c(y) be the first derivative of y**4/12 + y**3/6 - y**2/2 - y + 2. Let f(h) be the first derivative of c(h). What is f(-2)?
1
Let s(l) = -2*l**2 - 5*l + 4. Let o(p) = 8*p**3 - 2*p**2 + 1. Let w be o(-1). Let v be (-4)/18 + 34/w. Determine s(v).
-8
Let c(g) = 2 - 9 + g - 2*g. Let j be 3 + (-2 - -1)*9. Let s(b) = -b**3 - 6*b**2 - 5. Let z be s(j). Determine c(z).
-2
Let u be -6 + 4 - 1*16. Let h = u - -14. Let w(o) = -o. Calculate w(h).
4
Let y be 2/(-3) - (-369)/27. Let i(m) = 0*m + m - 2*m - y. Give i(0).
-13
Let p = 7 - 5. Let h(q) = 4 - 5 - 3*q**3 + 4*q + q**2 - 6. Let n(o) = 2*o**3 - o**2 - 2*o + 4. Let z(x) = 3*h(x) + 5*n(x). Give z(p).
3
Let x(b) = -1. Let c(f) = f**2 + f - 12. Let p(v) = c(v) + 3*x(v). Give p(0).
-15
Let r be (4/2)/((-8)/(-16)). Let z(g) = 5*g + 3. Determine z(r).
23
Let h(a) = a**3 + 4*a**2 - 4*a. Let i be (-14)/(-56) - 158/(-8). Suppose 0 = 14*b - 10*b + i. Determine h(b).
-5
Let v(x) be the first derivative of x**3/3 + 2*x**2 + 5*x + 9. Determine v(-4).
5
Let g(s) = -6*s**2 - 2*s + 1. Let o(z) = 6*z**2 + 2*z - 2. Let v(u) = 3*g(u) + 2*o(u). What is v(-1)?
-5
Suppose -2*d = 3*g + 11, 0 = 4*g + 3*d - 3 + 19. Let x = g - -4. Let u(h) = -4*h - 7. Let w(c) = -3*c - 7. Let o(t) = -4*u(t) + 5*w(t). Calculate o(x).
-4
Suppose 2*b + 10 = 11*w - 8*w, 0 = 4*b - 4*w + 12. Let k(c) = -8*c. What is k(b)?
-8
Let i(s) = -s**3 + 6*s**2 + s - 8. Suppose -3*k = -5 - 13. What is i(k)?
-2
Suppose 3*g - q = -11, 0*q + 5*q - 15 = -5*g. Let o(b) = -4*b**2 - 2*b + 2. Calculate o(g).
-10
Let d = 5 - 0. Suppose 0 = v + s + 5, -d*v - s = -v + 23. Let w(p) = p. Let o(u) = 2*u + 14. Let i(j) = -o(j) + w(j). Determine i(v).
-8
Suppose 6 = 2*x - 0*x. Let r = 8 + -5. Let l(f) = 3*f**3 + 3 - 2*f**r - 2*f**x + 2*f**3 - 5*f**2. Calculate l(5).
3
Let c(v) = 2*v + 1. Let x(j) = -j**2 + 8*j - 4. Let m be x(8). Calculate c(m).
-7
Let w(b) be the third derivative of 5/24*b**4 + 1/120*b**6 + 0*b + 0 - 1/6*b**3 + 2*b**2 + 1/10*b**5. Let z be (-2)/9 + 344/(-72). Calculate w(z).
-1
Let s(m) = -m**2 - 3*m - 1. Suppose -3*r - 4*o + 26 + 52 = 0, 5*o = -15. Let l be ((-12)/10)/(r/75). Calculate s(l).
-1
Suppose 6 = 3*h - 3*y - 3, -5*y = 3*h - 9. Let s(z) = 4 + 2*z + 8*z**3 - z**2 - 7*z**h - z. Give s(0).
4
Let j(h) be the second derivative of 0*h**3 + 0*h**2 - 1/120*h**5 + 0 - 1/72*h**6 + h + 1/12*h**4. Let u(x) be the third derivative of j(x). Calculate u(-1).
9
Let u be -3*((-65)/15 + 4). Let i(s) = -s - 1. Let f(c) = 3. Let n(h) = f(h) + 4*i(h). Let z(b) = 3*b + 1. Let q(j) = -6*n(j) - 7*z(j). Determine q(u).
2
Let s(z) = 6 - 6*z**2 - 6 + 9*z - z**3 + 8. Calculate s(-7).
-6
Let g = -10 - -15. Let b be 8 - (g - (-1 + 4)). Let i be ((-9)/b)/((-12)/16). Let z(x) = x**3 - x - 1. Determine z(i).
5
Let g(y) = -y + 10. Let c = 3 - -3. Let z be g(c). Let u be ((-4)/z)/((-1)/3). Let f(j) = -j**2 + 5*j - 3. Determine f(u).
3
Let h(u) = u**3 + 4*u**2 - 4*u + 5. Let c be h(-5). Let d(p) = -7 + 2*p - 3*p - p**3 + 0*p**3. What is d(c)?
-7
Let u(r) = -r**3 - 3*r**2 + 3*r - 1. Let g(h) = -h - 17. Let d be g(-13). Let w be u(d). Let v(t) = 0*t + 10 - w + t + t. Give v(-5).
-3
Let p(j) = 5*j + 6. Let o be p(-2). Let v(n) be the third derivative of n**3 + 0 + 0*n - 2*n**2 + 1/12*n**4. Determine v(o).
-2
Let g(c) be the second derivative of c**5/20 - c**4/12 - c**3/6 + c**2 - c. Suppose -5*z - 9 = 3*u, -5*u - 3 = 4*z - 4*u. Give g(z).
2
Let r(y) = y**3 - 10*y**2 + 10*y - 12. Suppose 31 = 4*l - 5*a, -11 = -4*l + a + 24. Determine r(l).
-3
Let u(b) = -3*b + 1. Let t be (-13)/(-7) + 2/14. Determine u(t).
-5
Let q(d) be the third derivative of -d**4/12 - d**3/6 - 2*d**2. Let x = 11 - 9. Determine q(x).
-5
Let f(w) = 3*w - 1. Let z be f(1). Let m(o) = 0*o + o + 2*o - 8*o**z + 11*o**2. Calculate m(-2).
6
Let d be 3/(-3 + (-8)/(-2)). Let o(q) = 2*q - 4*q - q - d. Give o(-3).
6
Suppose -2*s = -3*s. Let y(m) be the third derivative of m**4/24 - m**3/6 - 117*m**2. What is y(s)?
-1
Let y(s) = -s**3 + 4*s**2 - 2*s + 2. Suppose j - 1 = 2*j, 4*j = -4*o + 8. Determine y(o).
5
Let a be 4/6 - (-4)/3. Suppose -12 = -3*h - p - 3, -4*h - p + 11 = 0. Let x(i) = 0*i**2 + 1 - i**2 - i**3 + h*i + 0*i**a. Give x(-2).
1
Let o(y) = -y**2. Let x = 2 + -4. Let p be 0/((-3)/(x - -1)). Calculate o(p).
0
Let n = -4 - -6. Suppose n*b - 7*b = -20. Let f(d) = b - d**3 - 5 - d + 2. Give f(0).
1
Let x(a) = -a**3 + 3*a**2 + 5. Let g be (-45)/(-12) + (-3)/(-12). Give x(g).
-11
Let m be ((-10)/(-4))/((-3)/(-6)). Suppose -2*z - 10 = -2*w, -m*z - 4 = -0*z + 2*w. Let j(y) = 2*y. Determine j(z).
-4
Suppose i - 2*i = 10*i. Let t(d) = -d + 7. Calculate t(i).
7
Let s(g) be the first derivative of -2 + 9*g + 1/3*g**3 + 1/2*g**2 + 1/4*g**4. Suppose d = -d. What is s(d)?
9
Let j(a) = -7*a + 1. Let r(x) = x. Let q(i) = -6*j(i) - 39*r(i). Suppose -5*b + 18 = 3*u, 4*u - 13 - 11 = 4*b. Suppose -u = -2*o + 2. Determine q(o).
6
Let o(y) = -y**3 + 10*y**2 - y + 6. Let s be o(10). Let k(z) = -z**3 - 2*z**2 + 4*z - 4. Calculate k(s).
12
Let i be 0 + -2 + 32/8. Let t(z) = -z**2 + 2*z. What is t(i)?
0
Let m(f) = -4*f - f + 4*f + 1. Suppose -24*k + 17*k - 28 = 0. Give m(k).
5
Let n(h) = 9*h + 1. Let f(o) = -26*o - 4. Let g(b) = 6*f(b) + 17*n(b). Suppose -3*k - 2 + 11 = 0. Let c = -8 + k. What is g(c)?
8
Suppose 3*z = 2*z + 4. Let f(g) = -1 + 4*g + z*g**2 - 6*g - g**3 - 3. Let v(k) = -k**3 + 6*k**2 - 4*k - 1. Let n be v(5). What is f(n)?
-12
Let q = -5 - -11. Let d(g) = g + 3. What is d(q)?
9
Suppose 5*r + 14 = -21. Let s(q) = q + 12. Let g be s(r). Let u(w) = w + 0*w - 2*w + 5*w**2 + 0*w + 3 - w**3. Determine u(g).
-2
Let t(w) = -4*w - 2. Let h(d) = 3*d + 2. Let p(b) = 6*h(b) + 5*t(b). Let y(i) = i - 2. Let q be y(7). Suppose 7 + q = 3*g. Give p(g).
-6
Let n(m) = -m**3 + 7*m**2 + m - 4. Let l be (-2)/(-6)*(23 - 2). Give n(l).
3
Let z be ((-1)/(-1))/(1 + 0). Let i(l) be the first derivative of z + 1/2*l**2 + 2*l. What is i(3)?
5
Let u(w) = 2 + 9*w**2 - 1 - 10*w**2. Let r = -6 + 8. Suppose -r*l = -l. Calculate u(l).
1
Let z(v) = v**2 - 8*v + 7. Let b be z(7). Let n(h) = -h**2 + h + 12. What is n(b)?
12
Let t(o) = o**3 - o**2 + 2*o**2 - 5*o - 3*o**2 - 3*o**2 + 1. Suppose -12 = -5*s + 3*s. What is t(s)?
7
Suppose -3*u - 13 = 4*h, -2*h = -5*u - 0*h + 13. Let b(x) = x + 1. Let l(t) = -12*t - 3. Let f(m) = 4*b(m) + l(m). Determine f(u).
-7
Let k be 4*(2 - (5 + -2)). Let v(q) be the second derivative of -q**4/12 - q**3 - 2*q**2 + 2*q. What is v(k)?
4
Let n = -12 - -7. Let w(a) = -a**2 + 10*a - 9. Let d(v) = -v**2 + 9*v - 8. Let s(u) = n*w(u) + 6*d(u). Give s(2).
1
Suppose 5*u - 3*u = 0. Let c(d) = -3 + 9 + 0*d - d - 10. Calculate c(u).
-4
Suppose 0 = 6*i - 2*i - 20. Let z(v) = -v**2 + 4*v. Determine z(i).
-5
Let l(c) = -c**3 - 4*c**2 + 2*c + 3. Suppose -4*q + 7 = 23. Determine l(q).
-5
Suppose -20 = 4*j, 8 = g - 4*j - 13. Let f(k) be the second derivative of k**3/6 - k. Give f(g).
1
Let i be 0 + 1 + (-3 - -4). Let j(k) = 2*k**3 - 2*k**i - 6*k**3 - 2*k - 1 + 0*k**2. Let u be j(-1). Let y(g) = -g**3 + 2*g**2 + g + 4. Determine y(u).
-2
Let i(o) = 2*o + 3. Let f be i(-2). Let t = 2 + f. Let b(r) = -5*r. Determine b(t).
-5
Suppose -3*w - 4 - 15 = -